4. Let s be 4 + c + -2 + -1. Let i(v) = -3*v**2 + v**2 - 3*v**3 + s - 5*v**2 + 5*v**2. Give i(-1).
2
Let v(f) = -f**2 + f - 1. Let u(x) = -x**3 - 2*x**2 + 4*x - 5. Let t(g) = -u(g) + 5*v(g). What is t(2)?
-2
Let z(q) be the third derivative of q**5/60 - q**4/12 + q**3 + 12*q**2. Give z(4).
14
Let f(v) be the second derivative of v**4/12 - 4*v**3/3 + 4*v**2 - 6*v. Determine f(8).
8
Suppose 0 = -5*c + 4*f - 11, 4*c + 0*f + 4*f + 16 = 0. Let y = 3 - 1. Let t(a) = -1 + 0*a**2 + 0*a**2 - 3 + 3*a + y*a**2. Give t(c).
5
Let k(f) = 3*f - 1. Let g be k(2). Let v(n) = 0*n**2 + 4*n - g*n + 0*n**2 + 6*n**2. Determine v(1).
5
Let l(h) = -h**2 + 9*h - 3. Let o be l(8). Let f be 2/(-5) + (-3)/o. Let m(n) be the first derivative of -2*n**4 + n**3/3 - n**2/2 - n - 1. What is m(f)?
9
Let f be 8/6*3 + -3. Let x(p) be the first derivative of 3*p**4/4 + p + 2. What is x(f)?
4
Let c(x) be the second derivative of x**5/20 + x**4/3 - x**3/3 - x**2/2 - 5*x. Let n be 1/((-1)/4*1). Determine c(n).
7
Let d(g) = -2*g - 12. Let a(h) = h**3 - 4*h**2 - 21*h - 6. Let s be a(7). Calculate d(s).
0
Let i(g) = -7*g**3 - 6*g**2 - g + 5. Let h(m) = -6*m**3 - 5*m**2 - m + 6. Let l(r) = -6*h(r) + 5*i(r). What is l(0)?
-11
Let w(y) = y. Let u be w(0). Let t(i) = -i + 1. Let o be t(-2). Let v(b) = o*b + 2 + 5*b - 9*b. Give v(u).
2
Let z = -2 + -5. Let v(u) = u**3 + 8*u**2 + 10*u + 9. Calculate v(z).
-12
Let i be (-3)/2*(-5 - -3). Let a(y) = -2 + i + 2 - 2*y. Let o be 4 + -4 - (-6)/2. What is a(o)?
-3
Let q = -4 + 10. Let i(s) = 1 + 5*s - 6*s - 6*s + s**2. Calculate i(q).
-5
Let d = -14 - -17. Let w(v) be the third derivative of 1/3*v**d + 0 + 1/60*v**5 + 0*v - 1/120*v**6 + v**2 + 1/24*v**4. What is w(0)?
2
Let k(f) = f - 5. Let p be k(7). Suppose 0 = -p*c - 3*c. Let l(i) be the second derivative of -i**3/6 - 3*i**2/2 + 7*i. Give l(c).
-3
Let x(f) = f - 1. Suppose 10 = -y + 3*t, -2*y - 4 = -3*t + 4. Suppose -5*m - 3*i - y = 7, 0 = m + 2*i + 6. Give x(m).
-1
Suppose 4*w - 100 = -w. Let o be w/16*-1*4. Let d = o - -3. Let k(r) = -r**3 - 2*r**2 + 2*r - 1. Give k(d).
-5
Let t be (0/2)/((-39)/13). Let c be (-1 + 1)/(t + 2). Let y(f) = f + 2. Let b(j) = j - 1. Let r(o) = -2*b(o) + y(o). Determine r(c).
4
Let i(y) = y**3 - 4*y**2 - 6. Let u be 3 + 12/(-66) + 48/22. Determine i(u).
19
Let a be (3*-1)/(3/(-3)). Let d(v) be the second derivative of -v**6/360 + v**5/40 - v**3/3 - 2*v. Let k(q) be the second derivative of d(q). Determine k(a).
0
Let i(d) = 2*d + 5. Let x(t) = t**3 - 10*t**2 + 7*t + 13. Let v be 12 - (-5 - -2)*-1. Let r be x(v). What is i(r)?
-5
Let s(p) = -5*p + 3. Let g be ((-21)/(-12))/(2/8). Let q be (-2)/(-6)*42/g. What is s(q)?
-7
Let v(k) be the first derivative of k**3/3 - 3*k**2 - 9*k + 16. Calculate v(7).
-2
Let y(o) be the second derivative of -o**7/840 - o**6/90 - o**5/40 - o**4/6 - 2*o**3/3 + 3*o. Let m(z) be the second derivative of y(z). Calculate m(-3).
-4
Let j(b) = 5*b - 3. Let z be 55/25 - (-3)/(-15). Calculate j(z).
7
Suppose 18*s - 20*s - 4 = 0. Let g(a) = -a**3 + 2*a. Give g(s).
4
Let r(v) be the third derivative of -v**5/60 - 7*v**4/12 - 3*v**3/2 - 10*v**2. Determine r(-13).
4
Let g(o) be the first derivative of -o**4/4 - o**3/3 + 1. Suppose -5*v = -v. Let a be (v + 0/(-2))/1. Give g(a).
0
Let m(a) be the third derivative of 1/6*a**3 + 1/24*a**4 - 6*a**2 + 0*a + 0. Let o be 2 + -2 - (-4)/(-2). Give m(o).
-1
Let r(g) = 2*g + 2*g - 5*g. Give r(6).
-6
Let c(j) = -8*j**3 - j**2 - 2*j - 1. Suppose 6 = v + 2*v. Suppose 2*r + v*r = -4. Determine c(r).
8
Let t(g) be the second derivative of g**5/60 + g**4/24 + g**3/3 - 2*g. Let o(i) be the second derivative of t(i). Give o(-3).
-5
Suppose 4 = -k + w - 1, 0 = -k - w - 7. Let f(d) = 3*d + 2. Let p(i) = 3*i + 1. Let b(g) = k*p(g) + 5*f(g). What is b(3)?
-5
Let b(w) = w**2 - 1. Suppose 2*v - 3*y = 0, -3*v = -2*v - 5*y. Calculate b(v).
-1
Let w be (-7)/5 - (-4)/10. Let m(g) = g**3 - g**2 - 1. Let o(p) = -4*p**3 + p + 1. Let f(n) = w*o(n) - 2*m(n). Calculate f(-2).
-5
Suppose -2*f + 12 = f. Let n(q) = -4*q**2 + 5*q + 3 - 3*q**2 + 4*q**2 + 2*q**2. Determine n(f).
7
Let s(z) = -105*z**2 + 52*z**2 - 1 + 6*z + 54*z**2. What is s(-7)?
6
Let t(n) be the first derivative of n**3/3 + 2*n**2 - 6*n - 2. Let j be t(-6). Let b(f) = -f**3 + 7*f**2 - 6*f + 7. What is b(j)?
7
Let t(m) = -5*m + 3185 - 3185. Let v(d) = d**3 - d**2 - d. Let w be v(2). Determine t(w).
-10
Let l be (3 + -1)*(-7)/(-2). Let m(c) = c**3 - 6*c**2 - 6*c - 10. Calculate m(l).
-3
Let z be 16/8 - 12/(-3). Let a(x) = -3*x + x**2 + 1 - x - 3*x. What is a(z)?
-5
Let k(i) = -7*i**2 + 9*i - 4. Let m(p) be the second derivative of -2*p**4/3 + 5*p**3/3 - 5*p**2/2 - 2*p. Let b(d) = -7*k(d) + 6*m(d). Determine b(3).
-2
Let b(h) = 6*h + 2. Let o(a) = -a - 1. Let v(c) = b(c) + 5*o(c). Let j = -4 + 3. Let z be (-1)/(-4) - j/(-4). Calculate v(z).
-3
Let p(b) = -b**2 + 5*b - 2. Let f(q) = 2*q**2 - 2*q. Let s be 3/(((-45)/(-6))/5). Let u be f(s). Calculate p(u).
2
Let p(b) = -3*b**3 - 2*b**3 - b**2 + 1 + 7*b**3 - b. Let f = -4 - -5. Calculate p(f).
1
Suppose 10*k - 30 = 5*k. Let v(q) = 3*q - 8. Determine v(k).
10
Suppose 7 = r + 9. Let d(j) = -j**2 - 4*j + 1. Determine d(r).
5
Let t be (-12)/(-9) - 2/6. Let l(q) = -6*q**3 + 1. Determine l(t).
-5
Let z(v) = 6*v**3 - v. Let w = -3 - -2. Let u = 0 + w. Let j be z(u). Let q(f) = f**2 + 5*f. Calculate q(j).
0
Let h(q) = -4*q - 7. Let t be h(-3). Let b(x) = x**3 - 6*x**2 + 5*x - 3. What is b(t)?
-3
Let s(w) = -w - 7. Let k(t) = -t**2 + t - 2. Let n be k(-2). Let x = 3 + n. Determine s(x).
-2
Let a(j) = 9*j + 0*j - 3*j + 10*j. What is a(1)?
16
Let v(x) = 2*x + 1 + 2*x**2 + 2*x**3 + 0*x**2 + 8*x**3. Determine v(-1).
-9
Suppose -3*h + 9 = -2*n - 0*n, -5*n + 2*h - 28 = 0. Let w(v) = 7*v**2 + v + 8. Let f(j) = -20*j**2 - 4*j - 23. Let d(o) = 6*f(o) + 17*w(o). Determine d(n).
4
Let i(u) = u**2 - 7*u - 1. Suppose 0 = 3*r - 5*s, -6*r + 4*r - s + 13 = 0. What is i(r)?
-11
Let x(q) = 11*q + 8*q - 20*q - 5. Let s(f) = -9*f**2 - 5*f + 9. Let o(c) = -5*c**2 - 3*c + 5. Let a(w) = -7*o(w) + 4*s(w). Let p be a(3). What is x(p)?
0
Let y(s) be the second derivative of 1/6*s**3 + 4*s + 0 + 1/2*s**2. Calculate y(-1).
0
Let d(c) = -c - 12. Suppose 0 = -5*x + 12 + 3. Suppose -5 = 2*o - p, x*o - 2 = 4*o - p. Let g be 3/3 + -10 - o. Give d(g).
-6
Let k(a) = 4*a**2 - 1. Suppose 0 = -0*x - x + 1. Let f be k(x). Let v be (f/(-2) - -2)*4. Let h(d) = d**2 - 2*d - 1. Determine h(v).
-1
Let l(q) be the first derivative of -9*q**2/2 - q - 2. Suppose 6*o + 6 = -0. Give l(o).
8
Let q(m) be the third derivative of 1/6*m**3 - 1/30*m**5 + 0*m - 1/12*m**4 + m**2 + 0. Suppose 7*n - n = 6. Give q(n).
-3
Let v(a) = a**3 + 5*a**2 + 7*a + 2. Let c(s) = 6*s**3 + 26*s**2 + 36*s + 11. Let j(l) = 2*c(l) - 11*v(l). What is j(4)?
-4
Suppose f - 6*y - 19 = -2*y, -5*f + 23 = -2*y. Let a(j) = j**2 - 4*j + 1. Determine a(f).
-2
Let f = -18 - -13. Let a(l) = l**2 - l - 3*l - 3*l + l**3 - 2 + 3*l**2. Give a(f).
8
Let z(l) = -l**2 - 7*l. Let d = 29 - 16. Let m = d - 19. Determine z(m).
6
Let d(q) be the second derivative of 0 + 0*q**4 + 2*q - 1/6*q**3 - 3/40*q**6 + 1/60*q**5 - q**2. Let a(f) be the first derivative of d(f). What is a(1)?
-9
Let z be (-64)/10 + (-2)/(-5). Let l(t) = -t - 3. Determine l(z).
3
Let t(p) = -2*p**3 + 2*p**2 + 2*p + 2. Let n(j) = j**3 - j. Let z(o) = n(o) + t(o). Determine z(3).
-4
Let y(l) = l. Let m(k) be the first derivative of k**3/6 - k**2/2 + k + 1. Let h(f) be the first derivative of m(f). Let p(b) = -h(b) + 3*y(b). What is p(-3)?
-5
Let n(r) = -r**3 - 8*r**2 - 6*r + 7. Let s be n(-7). Let d = 5 + s. Let u(l) = d*l**3 - 3 + 3*l + 4*l**2 + 0*l**2 - 6*l**3. Determine u(4).
9
Let g(d) = -d**3 - 3*d**2 - 2*d + 3. Let q(k) = -k**3 + 5*k**2 - k - 1. Let c be q(5). Let t = c - -6. Let h = -3 + t. Calculate g(h).
9
Let l(d) be the third derivative of d**4/24 - 16*d**3/3 - 6*d**2 - 4*d. Give l(0).
-32
Let r(t) = -t**2 + 50*t + 220. Let p be r(-4). Let a(d) = 1 - 2 - 3 + d. Calculate a(p).
0
Let t be -3 + 3 + (3 + -4)*-2. Let b(j) be the first derivative of -6*j + 1/3*j**3 + 3 - 5/2*j**t. What is b(5)?
-6
Suppose 3*d = -5*t + d, 4*t + 23 = 3*d. Let i(a) = 2*a + 2. Calculate i(t).
-2
Let x(w) be the second derivative of 0 + 3/2*w**2 - 2*w - 1/6*w**3. Let z(j) = 4*j 